{"id":11962,"date":"2025-03-16T20:01:57","date_gmt":"2025-03-16T20:01:57","guid":{"rendered":"https:\/\/camisetaemoldurada.com.br\/loja\/?post_type=product&#038;p=11962"},"modified":"2025-03-17T13:00:08","modified_gmt":"2025-03-17T13:00:08","slug":"sao-paulo-2005","status":"publish","type":"product","link":"https:\/\/camisetaemoldurada.com.br\/loja\/produto\/sao-paulo-2005\/","title":{"rendered":"S\u00e3o Paulo 2005"},"content":{"rendered":"<p>Arte da defesa do Rog\u00e9rio Ceni na Final do Mundial de Clubes de 2005, contra o Liverpool na cobran\u00e7a de falta do Gerrard &#8211; Quadro com moldura estilo canaleta (efeito flutuante) sem vidro, moldura com perfil de 4cm de profundidade, fabricada com madeira de reflorestamento com revestimento em laca, impress\u00e3o em tecido canvas 100% algod\u00e3o.<\/p>\n","protected":false},"excerpt":{"rendered":"<p>Arte da defesa do Rog\u00e9rio Ceni na Final do Mundial de Clubes de 2005, contra o Liverpool na cobran\u00e7a de falta do Gerrard &#8211; Quadro com moldura estilo canaleta (efeito flutuante) sem vidro, moldura com perfil de 4cm de profundidade, fabricada com madeira de reflorestamento com revestimento em laca, impress\u00e3o em tecido canvas 100% algod\u00e3o.<\/p>\n","protected":false},"featured_media":11785,"comment_status":"open","ping_status":"closed","template":"","meta":[],"product_brand":[],"product_cat":[74],"product_tag":[],"class_list":{"0":"post-11962","1":"product","2":"type-product","3":"status-publish","4":"has-post-thumbnail","6":"product_cat-quadros-personalizados","7":"product_shipping_class-metodo-loja","9":"first","10":"instock","11":"shipping-taxable","12":"purchasable","13":"product-type-variable"},"_links":{"self":[{"href":"https:\/\/camisetaemoldurada.com.br\/loja\/wp-json\/wp\/v2\/product\/11962","targetHints":{"allow":["GET"]}}],"collection":[{"href":"https:\/\/camisetaemoldurada.com.br\/loja\/wp-json\/wp\/v2\/product"}],"about":[{"href":"https:\/\/camisetaemoldurada.com.br\/loja\/wp-json\/wp\/v2\/types\/product"}],"replies":[{"embeddable":true,"href":"https:\/\/camisetaemoldurada.com.br\/loja\/wp-json\/wp\/v2\/comments?post=11962"}],"version-history":[{"count":2,"href":"https:\/\/camisetaemoldurada.com.br\/loja\/wp-json\/wp\/v2\/product\/11962\/revisions"}],"predecessor-version":[{"id":12002,"href":"https:\/\/camisetaemoldurada.com.br\/loja\/wp-json\/wp\/v2\/product\/11962\/revisions\/12002"}],"wp:featuredmedia":[{"embeddable":true,"href":"https:\/\/camisetaemoldurada.com.br\/loja\/wp-json\/wp\/v2\/media\/11785"}],"wp:attachment":[{"href":"https:\/\/camisetaemoldurada.com.br\/loja\/wp-json\/wp\/v2\/media?parent=11962"}],"wp:term":[{"taxonomy":"product_brand","embeddable":true,"href":"https:\/\/camisetaemoldurada.com.br\/loja\/wp-json\/wp\/v2\/product_brand?post=11962"},{"taxonomy":"product_cat","embeddable":true,"href":"https:\/\/camisetaemoldurada.com.br\/loja\/wp-json\/wp\/v2\/product_cat?post=11962"},{"taxonomy":"product_tag","embeddable":true,"href":"https:\/\/camisetaemoldurada.com.br\/loja\/wp-json\/wp\/v2\/product_tag?post=11962"}],"curies":[{"name":"wp","href":"https:\/\/api.w.org\/{rel}","templated":true}]}}