{"id":11837,"date":"2025-03-16T18:22:25","date_gmt":"2025-03-16T18:22:25","guid":{"rendered":"https:\/\/camisetaemoldurada.com.br\/loja\/?post_type=product&#038;p=11837"},"modified":"2025-03-16T20:23:24","modified_gmt":"2025-03-16T20:23:24","slug":"corinthians-de-2009","status":"publish","type":"product","link":"https:\/\/camisetaemoldurada.com.br\/loja\/produto\/corinthians-de-2009\/","title":{"rendered":"Corinthians de 2009"},"content":{"rendered":"<p>Arte da comemora\u00e7\u00e3o do primeiro gol do Ronaldo Fen\u00f4meno pelo Corinthians &#8211; Quadro com moldura estilo canaleta (efeito flutuante) sem vidro, moldura com perfil de 4cm de profundidade, fabricada com madeira de reflorestamento com revestimento em laca, impress\u00e3o em tecido canvas 100% algod\u00e3o.<\/p>\n","protected":false},"excerpt":{"rendered":"<p>Arte da comemora\u00e7\u00e3o do primeiro gol do Ronaldo Fen\u00f4meno pelo Corinthians &#8211; Quadro com moldura estilo canaleta (efeito flutuante) sem<\/p>\n","protected":false},"featured_media":11774,"comment_status":"open","ping_status":"closed","template":"","meta":[],"product_brand":[],"product_cat":[74],"product_tag":[],"class_list":{"0":"post-11837","1":"product","2":"type-product","3":"status-publish","4":"has-post-thumbnail","6":"product_cat-quadros-personalizados","8":"first","9":"instock","10":"shipping-taxable","11":"purchasable","12":"product-type-variable"},"_links":{"self":[{"href":"https:\/\/camisetaemoldurada.com.br\/loja\/wp-json\/wp\/v2\/product\/11837","targetHints":{"allow":["GET"]}}],"collection":[{"href":"https:\/\/camisetaemoldurada.com.br\/loja\/wp-json\/wp\/v2\/product"}],"about":[{"href":"https:\/\/camisetaemoldurada.com.br\/loja\/wp-json\/wp\/v2\/types\/product"}],"replies":[{"embeddable":true,"href":"https:\/\/camisetaemoldurada.com.br\/loja\/wp-json\/wp\/v2\/comments?post=11837"}],"version-history":[{"count":3,"href":"https:\/\/camisetaemoldurada.com.br\/loja\/wp-json\/wp\/v2\/product\/11837\/revisions"}],"predecessor-version":[{"id":11849,"href":"https:\/\/camisetaemoldurada.com.br\/loja\/wp-json\/wp\/v2\/product\/11837\/revisions\/11849"}],"wp:featuredmedia":[{"embeddable":true,"href":"https:\/\/camisetaemoldurada.com.br\/loja\/wp-json\/wp\/v2\/media\/11774"}],"wp:attachment":[{"href":"https:\/\/camisetaemoldurada.com.br\/loja\/wp-json\/wp\/v2\/media?parent=11837"}],"wp:term":[{"taxonomy":"product_brand","embeddable":true,"href":"https:\/\/camisetaemoldurada.com.br\/loja\/wp-json\/wp\/v2\/product_brand?post=11837"},{"taxonomy":"product_cat","embeddable":true,"href":"https:\/\/camisetaemoldurada.com.br\/loja\/wp-json\/wp\/v2\/product_cat?post=11837"},{"taxonomy":"product_tag","embeddable":true,"href":"https:\/\/camisetaemoldurada.com.br\/loja\/wp-json\/wp\/v2\/product_tag?post=11837"}],"curies":[{"name":"wp","href":"https:\/\/api.w.org\/{rel}","templated":true}]}}