{"id":11038,"date":"2025-01-20T13:45:58","date_gmt":"2025-01-20T13:45:58","guid":{"rendered":"https:\/\/camisetaemoldurada.com.br\/loja\/?page_id=11038"},"modified":"2025-01-22T18:29:53","modified_gmt":"2025-01-22T18:29:53","slug":"politica-de-trocas-e-devolucoes-2","status":"publish","type":"page","link":"https:\/\/camisetaemoldurada.com.br\/loja\/politica-de-trocas-e-devolucoes-2\/","title":{"rendered":"Pol\u00edtica de Trocas e Devolu\u00e7\u00f5es"},"content":{"rendered":"\t\t<div data-elementor-type=\"wp-page\" data-elementor-id=\"11038\" class=\"elementor elementor-11038\" data-elementor-post-type=\"page\">\n\t\t\t\t<div class=\"wd-negative-gap elementor-element elementor-element-b769d41 e-flex e-con-boxed e-con e-parent\" data-id=\"b769d41\" data-element_type=\"container\" data-e-type=\"container\">\n\t\t\t\t\t<div class=\"e-con-inner\">\n\t\t<div class=\"elementor-element elementor-element-e439139 e-con-full e-flex e-con e-child\" data-id=\"e439139\" data-element_type=\"container\" data-e-type=\"container\">\n\t\t<div class=\"elementor-element elementor-element-3a466ed e-con-full e-flex e-con e-child\" data-id=\"3a466ed\" data-element_type=\"container\" data-e-type=\"container\" data-settings=\"{&quot;background_background&quot;:&quot;classic&quot;}\">\n\t\t\t\t<div class=\"elementor-element elementor-element-0aa7f79 elementor-widget elementor-widget-heading\" data-id=\"0aa7f79\" data-element_type=\"widget\" data-e-type=\"widget\" data-widget_type=\"heading.default\">\n\t\t\t\t<div class=\"elementor-widget-container\">\n\t\t\t\t\t<h2 class=\"elementor-heading-title elementor-size-default\">Pol\u00edtica de Trocas e Devolu\u00e7\u00f5es<\/h2>\t\t\t\t<\/div>\n\t\t\t\t<\/div>\n\t\t\t\t<div class=\"elementor-element elementor-element-4e91ecd elementor-widget__width-initial elementor-view-default elementor-widget elementor-widget-icon\" data-id=\"4e91ecd\" data-element_type=\"widget\" data-e-type=\"widget\" data-widget_type=\"icon.default\">\n\t\t\t\t<div class=\"elementor-widget-container\">\n\t\t\t\t\t\t\t<div class=\"elementor-icon-wrapper\">\n\t\t\t<div class=\"elementor-icon elementor-animation-wobble-horizontal\">\n\t\t\t<svg aria-hidden=\"true\" class=\"e-font-icon-svg e-fas-shopping-basket\" viewBox=\"0 0 576 512\" xmlns=\"http:\/\/www.w3.org\/2000\/svg\"><path d=\"M576 216v16c0 13.255-10.745 24-24 24h-8l-26.113 182.788C514.509 462.435 494.257 480 470.37 480H105.63c-23.887 0-44.139-17.565-47.518-41.212L32 256h-8c-13.255 0-24-10.745-24-24v-16c0-13.255 10.745-24 24-24h67.341l106.78-146.821c10.395-14.292 30.407-17.453 44.701-7.058 14.293 10.395 17.453 30.408 7.058 44.701L170.477 192h235.046L326.12 82.821c-10.395-14.292-7.234-34.306 7.059-44.701 14.291-10.395 34.306-7.235 44.701 7.058L484.659 192H552c13.255 0 24 10.745 24 24zM312 392V280c0-13.255-10.745-24-24-24s-24 10.745-24 24v112c0 13.255 10.745 24 24 24s24-10.745 24-24zm112 0V280c0-13.255-10.745-24-24-24s-24 10.745-24 24v112c0 13.255 10.745 24 24 24s24-10.745 24-24zm-224 0V280c0-13.255-10.745-24-24-24s-24 10.745-24 24v112c0 13.255 10.745 24 24 24s24-10.745 24-24z\"><\/path><\/svg>\t\t\t<\/div>\n\t\t<\/div>\n\t\t\t\t\t\t<\/div>\n\t\t\t\t<\/div>\n\t\t\t\t<\/div>\n\t\t<div class=\"elementor-element elementor-element-e26d7b9 e-con-full e-flex e-con e-child\" data-id=\"e26d7b9\" data-element_type=\"container\" data-e-type=\"container\" data-settings=\"{&quot;background_background&quot;:&quot;classic&quot;}\">\n\t\t\t\t<div class=\"elementor-element elementor-element-3bdedf6 wd-width-100 elementor-widget elementor-widget-wd_title\" data-id=\"3bdedf6\" data-element_type=\"widget\" data-e-type=\"widget\" data-widget_type=\"wd_title.default\">\n\t\t\t\t<div class=\"elementor-widget-container\">\n\t\t\t\t\t\t\t<div class=\"title-wrapper wd-set-mb reset-last-child wd-title-color-default wd-title-style-default wd-title-size-default text-left\">\n\n\t\t\t\n\t\t\t<div class=\"liner-continer\">\n\t\t\t\t<h4 class=\"woodmart-title-container title wd-fontsize-l\">TROCAS E DEVOLU\u00c7\u00d5ES<\/h4> \n\t\t\t\t\t\t\t<\/div>\n\n\t\t\t\t\t<\/div>\n\t\t\t\t\t\t<\/div>\n\t\t\t\t<\/div>\n\t\t\t\t<div class=\"elementor-element elementor-element-bfd87fd elementor-widget elementor-widget-wd_text_block\" data-id=\"bfd87fd\" data-element_type=\"widget\" data-e-type=\"widget\" data-widget_type=\"wd_text_block.default\">\n\t\t\t\t<div class=\"elementor-widget-container\">\n\t\t\t\t\t\t\t<div class=\"wd-text-block reset-last-child text-left\">\n\t\t\t\n\t\t\tOl\u00e1! Aqui temos algumas dicas se precisar fazer uma troca|devolu\u00e7\u00e3o de um dos nossos produtos\n\nVeja aqui os casos em que voc\u00ea pode precisar realizar uma troca ou devolu\u00e7\u00e3o:\n\t\t\t\t\t<\/div>\n\t\t\t\t\t\t<\/div>\n\t\t\t\t<\/div>\n\t\t\t\t<div class=\"elementor-element elementor-element-27e340d wd-width-100 elementor-widget elementor-widget-wd_title\" data-id=\"27e340d\" data-element_type=\"widget\" data-e-type=\"widget\" data-widget_type=\"wd_title.default\">\n\t\t\t\t<div class=\"elementor-widget-container\">\n\t\t\t\t\t\t\t<div class=\"title-wrapper wd-set-mb reset-last-child wd-title-color-default wd-title-style-default wd-title-size-default text-left\">\n\n\t\t\t\n\t\t\t<div class=\"liner-continer\">\n\t\t\t\t<h4 class=\"woodmart-title-container title wd-fontsize-l\">Pol\u00edtica de Devolu\u00e7\u00e3o<\/h4> \n\t\t\t\t\t\t\t<\/div>\n\n\t\t\t\t\t<\/div>\n\t\t\t\t\t\t<\/div>\n\t\t\t\t<\/div>\n\t\t\t\t<div class=\"elementor-element elementor-element-0f2b9d9 elementor-widget elementor-widget-wd_text_block\" data-id=\"0f2b9d9\" data-element_type=\"widget\" data-e-type=\"widget\" data-widget_type=\"wd_text_block.default\">\n\t\t\t\t<div class=\"elementor-widget-container\">\n\t\t\t\t\t\t\t<div class=\"wd-text-block reset-last-child text-left\">\n\t\t\t\n\t\t\t<p>Se voc\u00ea recebeu um produto e n\u00e3o ficou satisfeito, ele n\u00e3o serviu ou se arrependeu da compra, \u00e9 poss\u00edvel fazer a solicita\u00e7\u00e3o de devolu\u00e7\u00e3o para estorno em at\u00e9 7 (sete) dias corridos. Para isso, o pedido dever\u00e1 estar em sua embalagem original, sem ind\u00edcios de uso e com todos os itens e acess\u00f3rios recebidos. Para solicitar a troca, basta enviar um e-mail para <strong>contato@camisetaemoldurada<\/strong>.com, informando o n\u00famero do seu pedido e anexar imagens do produto que demonstrem que n\u00e3o houve uso.<\/p>\n\t\t\t\t\t<\/div>\n\t\t\t\t\t\t<\/div>\n\t\t\t\t<\/div>\n\t\t\t\t<div class=\"elementor-element elementor-element-ff9331c wd-width-100 elementor-widget elementor-widget-wd_title\" data-id=\"ff9331c\" data-element_type=\"widget\" data-e-type=\"widget\" data-widget_type=\"wd_title.default\">\n\t\t\t\t<div class=\"elementor-widget-container\">\n\t\t\t\t\t\t\t<div class=\"title-wrapper wd-set-mb reset-last-child wd-title-color-default wd-title-style-default wd-title-size-default text-left\">\n\n\t\t\t\n\t\t\t<div class=\"liner-continer\">\n\t\t\t\t<h4 class=\"woodmart-title-container title wd-fontsize-l\">Pol\u00edtica de Troca<\/h4> \n\t\t\t\t\t\t\t<\/div>\n\n\t\t\t\t\t<\/div>\n\t\t\t\t\t\t<\/div>\n\t\t\t\t<\/div>\n\t\t\t\t<div class=\"elementor-element elementor-element-a4b495b elementor-widget elementor-widget-wd_text_block\" data-id=\"a4b495b\" data-element_type=\"widget\" data-e-type=\"widget\" data-widget_type=\"wd_text_block.default\">\n\t\t\t\t<div class=\"elementor-widget-container\">\n\t\t\t\t\t\t\t<div class=\"wd-text-block reset-last-child text-left\">\n\t\t\t\n\t\t\t<p>Se voc\u00ea recebeu um produto diferente do comprado em nosso site ou sem algum acess\u00f3rio, entre em contato por meio de nosso e-mail: <strong>contato@camisetaemoldurada<\/strong>. Esta solicita\u00e7\u00e3o dever\u00e1 ser feita no prazo m\u00e1ximo de 7 (sete) dias corridos ap\u00f3s o recebimento do produto.<\/p><p>Para comprovar o erro, solicitamos que sejam enviadas fotos do produto recebido, bem como que seja informado o n\u00famero do pedido realizado. Iremos analisar as fotografias e, comprovado o erro, iniciaremos o procedimento de troca sem custos adicionais ao cliente. Em caso de erro no tamanho, \u00e9 importante fotografar tamb\u00e9m a etiqueta.<\/p>\n\t\t\t\t\t<\/div>\n\t\t\t\t\t\t<\/div>\n\t\t\t\t<\/div>\n\t\t\t\t<\/div>\n\t\t<div class=\"elementor-element elementor-element-b4cc9c5 e-con-full e-flex e-con e-child\" data-id=\"b4cc9c5\" data-element_type=\"container\" data-e-type=\"container\" data-settings=\"{&quot;background_background&quot;:&quot;classic&quot;}\">\n\t\t\t\t<div class=\"elementor-element elementor-element-59ff531 wd-width-100 elementor-widget elementor-widget-wd_title\" data-id=\"59ff531\" data-element_type=\"widget\" data-e-type=\"widget\" data-widget_type=\"wd_title.default\">\n\t\t\t\t<div class=\"elementor-widget-container\">\n\t\t\t\t\t\t\t<div class=\"title-wrapper wd-set-mb reset-last-child wd-title-color-default wd-title-style-default wd-title-size-default text-left\">\n\n\t\t\t\n\t\t\t<div class=\"liner-continer\">\n\t\t\t\t<h4 class=\"woodmart-title-container title wd-fontsize-l\">Defeito no produto recebido<\/h4> \n\t\t\t\t\t\t\t<\/div>\n\n\t\t\t\t\t<\/div>\n\t\t\t\t\t\t<\/div>\n\t\t\t\t<\/div>\n\t\t\t\t<div class=\"elementor-element elementor-element-34d6a41 elementor-widget elementor-widget-wd_text_block\" data-id=\"34d6a41\" data-element_type=\"widget\" data-e-type=\"widget\" data-widget_type=\"wd_text_block.default\">\n\t\t\t\t<div class=\"elementor-widget-container\">\n\t\t\t\t\t\t\t<div class=\"wd-text-block reset-last-child text-left\">\n\t\t\t\n\t\t\t<p>Se voc\u00ea identificar algum tipo de defeito de fabrica\u00e7\u00e3o, voc\u00ea ter\u00e1 10 (dez) dias corridos ap\u00f3s a entrega para solicitar a troca ou a devolu\u00e7\u00e3o<\/p><p>Para comprovar o defeito, solicitamos que sejam enviadas fotos do produto, bem como que seja informado o n\u00famero do pedido realizado. Iremos analisar as fotografias e, comprovado o erro ou quebra do produto no envio pela transportadora, iniciaremos o procedimento de troca sem custos adicionais ao cliente ou <strong>devolu\u00e7\u00e3o exclusivamente do valor<\/strong> da moldura ou p\u00f4ster pago no ato da compra, <strong>n\u00e3o incluindo o valor do frete<\/strong> pois o servi\u00e7o foi efetuado.<\/p><p><strong>Aten\u00e7\u00e3o:<\/strong> Caso o defeito tenha sido causado por problemas na utiliza\u00e7\u00e3o ou uso indevido, a responsabilidade de reparo \u00e9 totalmente do comprador.<\/p>\n\t\t\t\t\t<\/div>\n\t\t\t\t\t\t<\/div>\n\t\t\t\t<\/div>\n\t\t\t\t<div class=\"elementor-element elementor-element-b2d0e01 wd-width-100 elementor-widget elementor-widget-wd_title\" data-id=\"b2d0e01\" data-element_type=\"widget\" data-e-type=\"widget\" data-widget_type=\"wd_title.default\">\n\t\t\t\t<div class=\"elementor-widget-container\">\n\t\t\t\t\t\t\t<div class=\"title-wrapper wd-set-mb reset-last-child wd-title-color-default wd-title-style-default wd-title-size-default text-left\">\n\n\t\t\t\n\t\t\t<div class=\"liner-continer\">\n\t\t\t\t<h4 class=\"woodmart-title-container title wd-fontsize-l\">Condi\u00e7\u00f5es de Troca e Devolu\u00e7\u00e3o<\/h4> \n\t\t\t\t\t\t\t<\/div>\n\n\t\t\t\t\t<\/div>\n\t\t\t\t\t\t<\/div>\n\t\t\t\t<\/div>\n\t\t\t\t<div class=\"elementor-element elementor-element-c43ea66 elementor-widget elementor-widget-wd_text_block\" data-id=\"c43ea66\" data-element_type=\"widget\" data-e-type=\"widget\" data-widget_type=\"wd_text_block.default\">\n\t\t\t\t<div class=\"elementor-widget-container\">\n\t\t\t\t\t\t\t<div class=\"wd-text-block reset-last-child text-left\">\n\t\t\t\n\t\t\t<p>Para que a troca ou a devolu\u00e7\u00e3o seja efetuada, o produto dever\u00e1 respeitar as seguintes exig\u00eancias:<\/p><ul><li>n\u00e3o possuir sinais de uso, manchas, sujeira, suor ou deteriora\u00e7\u00e3o da pe\u00e7a;<\/li><li>preservar a embalagem interna e etiquetas originais aplicadas \u00e0 pe\u00e7a;<\/li><li>respeitar os seguintes prazos: 10 (noventa) dias corridos em caso de defeitos ou 7 (sete) dias corridos em casos de erro no pedido ou arrependimento de compra, contados a partir da data de recebimento da mercadoria.<\/li><\/ul>\n\t\t\t\t\t<\/div>\n\t\t\t\t\t\t<\/div>\n\t\t\t\t<\/div>\n\t\t\t\t<div class=\"elementor-element elementor-element-71a05a3 elementor-widget elementor-widget-wd_text_block\" data-id=\"71a05a3\" data-element_type=\"widget\" data-e-type=\"widget\" data-widget_type=\"wd_text_block.default\">\n\t\t\t\t<div class=\"elementor-widget-container\">\n\t\t\t\t\t\t\t<div class=\"wd-text-block reset-last-child text-left\">\n\t\t\t\n\t\t\t<p>Para trocar um produto, entre em contato por meio de nosso e-mail <strong>contato@camisetaemoldurada.com.br<\/strong>, anexando as devidas evid\u00eancias e iremos retornar com as instru\u00e7\u00f5es de troca no prazo de at\u00e9 5 (cinco) dias \u00fateis.<\/p>\n\t\t\t\t\t<\/div>\n\t\t\t\t\t\t<\/div>\n\t\t\t\t<\/div>\n\t\t\t\t<div class=\"elementor-element elementor-element-641e769 wd-width-100 elementor-widget elementor-widget-wd_title\" data-id=\"641e769\" data-element_type=\"widget\" data-e-type=\"widget\" data-widget_type=\"wd_title.default\">\n\t\t\t\t<div class=\"elementor-widget-container\">\n\t\t\t\t\t\t\t<div class=\"title-wrapper wd-set-mb reset-last-child wd-title-color-default wd-title-style-default wd-title-size-default text-left\">\n\n\t\t\t\n\t\t\t<div class=\"liner-continer\">\n\t\t\t\t<h4 class=\"woodmart-title-container title wd-fontsize-l\">Formas de Restitui\u00e7\u00e3o de Valores<\/h4> \n\t\t\t\t\t\t\t<\/div>\n\n\t\t\t\t\t<\/div>\n\t\t\t\t\t\t<\/div>\n\t\t\t\t<\/div>\n\t\t\t\t<div class=\"elementor-element elementor-element-6c3b138 elementor-widget elementor-widget-wd_text_block\" data-id=\"6c3b138\" data-element_type=\"widget\" data-e-type=\"widget\" data-widget_type=\"wd_text_block.default\">\n\t\t\t\t<div class=\"elementor-widget-container\">\n\t\t\t\t\t\t\t<div class=\"wd-text-block reset-last-child text-left\">\n\t\t\t\n\t\t\t<p>Confira a seguir as op\u00e7\u00f5es dispon\u00edveis para restitui\u00e7\u00e3o de valores:<\/p><p>Cupom de desconto<\/p><p>Voc\u00ea opta pelo cupom de desconto em qualquer situa\u00e7\u00e3o referente a trocas por insatisfa\u00e7\u00e3o.<\/p><p>O cupom tem validade de 20 (vinte) dias e poder\u00e1 ser utilizado exclusivamente pelo titular da conta na loja virtual, mediante uso de login e senha. N\u00e3o \u00e9 permitido vend\u00ea-lo para terceiros nem tampouco convert\u00ea-lo em dinheiro.Para utilizar o cupom, basta realizar uma nova compra e inseri-lo no momento de finalizar o pedido.<\/p><p>Estorno parcial ou integral - pagamento por cart\u00e3o de cr\u00e9dito<\/p><p>Ap\u00f3s o recebimento do produto em nosso Centro de Distribui\u00e7\u00e3o e aprova\u00e7\u00e3o da devolu\u00e7\u00e3o mediante an\u00e1lise dos itens, a <strong>Loja Camiseta Emoldurada<\/strong> envia a solicita\u00e7\u00e3o de estorno para a administradora do cart\u00e3o de cr\u00e9dito em at\u00e9 7 (sete) dias \u00fateis; esta por sua vez tem o prazo para processar a requisi\u00e7\u00e3o de acordo com a pol\u00edtica de cada administradora de cart\u00e3o de cr\u00e9dito.<\/p><p>Exclusivo para pagamentos em cart\u00e3o de cr\u00e9dito, o procedimento de estorno parcial ou integral do valor pago em seu pedido seguir\u00e1 as regras da administradora do cart\u00e3o, podendo demorar de um a dois meses para que o valor seja devolvido, dependendo da data de vencimento de sua fatura.<\/p><p>Estorno parcial ou integral - pagamento por pix e transfer\u00eancia<\/p><p>Ap\u00f3s o recebimento do produto em nosso Centro de Distribui\u00e7\u00e3o e aprova\u00e7\u00e3o da devolu\u00e7\u00e3o mediante an\u00e1lise dos itens, a <strong>Loja Camiseta Emoldurada<\/strong> ir\u00e1 realizar o estorno do valor em at\u00e9 30 (trinta) dias para a conta do intermediador de pagamento e voc\u00ea poder\u00e1 solicitar o saque do mesmo.<\/p><p>Estorno parcial ou integral - pagamento por boleto<\/p><p>Ap\u00f3s o recebimento do produto em nosso Centro de Distribui\u00e7\u00e3o e aprova\u00e7\u00e3o da devolu\u00e7\u00e3o mediante an\u00e1lise dos itens, a <strong>Loja Camiseta Emoldurada<\/strong> ir\u00e1 realizar o estorno do valor em at\u00e9 30 (trinta) dias para a conta do intermediador de pagamento e voc\u00ea poder\u00e1 solicitar o saque do mesmo.<\/p>\n\t\t\t\t\t<\/div>\n\t\t\t\t\t\t<\/div>\n\t\t\t\t<\/div>\n\t\t\t\t<\/div>\n\t\t\t\t<\/div>\n\t\t<div class=\"elementor-element elementor-element-a1c0eeb e-con-full  wd-sticky-container-yes wd-sticky-offset-150 elementor-hidden-tablet elementor-hidden-mobile e-flex e-con e-child\" data-id=\"a1c0eeb\" data-element_type=\"container\" data-e-type=\"container\">\n\t\t<div class=\"elementor-element elementor-element-d633f79 e-con-full e-flex e-con e-child\" data-id=\"d633f79\" data-element_type=\"container\" data-e-type=\"container\" data-settings=\"{&quot;background_background&quot;:&quot;classic&quot;}\">\n\t\t\t\t<div class=\"elementor-element elementor-element-dc279f1 wd-width-100 elementor-widget elementor-widget-wd_title\" data-id=\"dc279f1\" data-element_type=\"widget\" data-e-type=\"widget\" data-widget_type=\"wd_title.default\">\n\t\t\t\t<div class=\"elementor-widget-container\">\n\t\t\t\t\t\t\t<div class=\"title-wrapper wd-set-mb reset-last-child wd-title-color-default wd-title-style-default wd-title-size-small text-left\">\n\n\t\t\t\n\t\t\t<div class=\"liner-continer\">\n\t\t\t\t<h4 class=\"woodmart-title-container title wd-fontsize-m\">Precisa de Ajuda<\/h4> \n\t\t\t\t\t\t\t<\/div>\n\n\t\t\t\t\t<\/div>\n\t\t\t\t\t\t<\/div>\n\t\t\t\t<\/div>\n\t\t\t\t<div class=\"elementor-element elementor-element-eb8a096 elementor-widget elementor-widget-wd_list\" data-id=\"eb8a096\" data-element_type=\"widget\" data-e-type=\"widget\" data-widget_type=\"wd_list.default\">\n\t\t\t\t<div class=\"elementor-widget-container\">\n\t\t\t\t\t\t\t<ul class=\"wd-list color-scheme-custom wd-fontsize-xs wd-type-icon wd-style-default text-left\">\n\t\t\t\t\t\t\t\t\t\t\t<li class=\"elementor-repeater-item-b7e03af\">\n\t\t\t\t\t\t\t\t\t\t\t<span class=\"wd-icon\"><img loading=\"lazy\" decoding=\"async\"  src=\"https:\/\/camisetaemoldurada.com.br\/loja\/wp-content\/uploads\/2023\/01\/phone.svg\" title=\"phone\" loading=\"lazy\" width=\"32\" height=\"32\"><\/span>\t\t\t\t\t\n\t\t\t\t\t<span class=\"wd-list-content list-content\">\n\t\t\t\t\t\t(11)  94220-9399\t\t\t\t\t<\/span>\n\n\t\t\t\t\t\n\t\t\t\t\t\t<a  href=\"#\" class=\"wd-fill\" aria-label=\"Listar link de itens\"><\/a>\n\t\t\t\t\t\t\t\t\t<\/li>\n\t\t\t\t\t\t\t\t\t\t\t<li class=\"elementor-repeater-item-291ad44\">\n\t\t\t\t\t\t\t\t\t\t\t<span class=\"wd-icon\"><img loading=\"lazy\" decoding=\"async\"  src=\"https:\/\/camisetaemoldurada.com.br\/loja\/wp-content\/uploads\/2023\/01\/messenger.svg\" title=\"messenger\" loading=\"lazy\" width=\"32\" height=\"32\"><\/span>\t\t\t\t\t\n\t\t\t\t\t<span class=\"wd-list-content list-content\">\n\t\t\t\t\t\tMessenger\t\t\t\t\t<\/span>\n\n\t\t\t\t\t\n\t\t\t\t\t\t<a  href=\"#\" class=\"wd-fill\" aria-label=\"Listar link de itens\"><\/a>\n\t\t\t\t\t\t\t\t\t<\/li>\n\t\t\t\t\t\t\t\t\t\t\t<li class=\"elementor-repeater-item-dc81d72\">\n\t\t\t\t\t\t\t\t\t\t\t<span class=\"wd-icon\"><img loading=\"lazy\" decoding=\"async\"  src=\"https:\/\/camisetaemoldurada.com.br\/loja\/wp-content\/uploads\/2023\/01\/telegram.svg\" title=\"telegram\" loading=\"lazy\" width=\"32\" height=\"32\"><\/span>\t\t\t\t\t\n\t\t\t\t\t<span class=\"wd-list-content list-content\">\n\t\t\t\t\t\tTelegram\t\t\t\t\t<\/span>\n\n\t\t\t\t\t\n\t\t\t\t\t\t<a  href=\"#\" class=\"wd-fill\" aria-label=\"Listar link de itens\"><\/a>\n\t\t\t\t\t\t\t\t\t<\/li>\n\t\t\t\t\t\t\t\t\t\t\t<li class=\"elementor-repeater-item-c05932f\">\n\t\t\t\t\t\t\t\t\t\t\t<span class=\"wd-icon\"><img loading=\"lazy\" decoding=\"async\"  src=\"https:\/\/camisetaemoldurada.com.br\/loja\/wp-content\/uploads\/2023\/01\/email.svg\" title=\"email\" loading=\"lazy\" width=\"32\" height=\"32\"><\/span>\t\t\t\t\t\n\t\t\t\t\t<span class=\"wd-list-content list-content\">\n\t\t\t\t\t\tEmail: contato@camisetaemoldurada.com.br\t\t\t\t\t<\/span>\n\n\t\t\t\t\t\n\t\t\t\t\t\t<a  href=\"#\" class=\"wd-fill\" aria-label=\"Listar link de itens\"><\/a>\n\t\t\t\t\t\t\t\t\t<\/li>\n\t\t\t\t\t<\/ul>\n\n\t\t\t\t\t\t<\/div>\n\t\t\t\t<\/div>\n\t\t\t\t<div class=\"elementor-element elementor-element-109dcae elementor-widget elementor-widget-image\" data-id=\"109dcae\" data-element_type=\"widget\" data-e-type=\"widget\" data-widget_type=\"image.default\">\n\t\t\t\t<div class=\"elementor-widget-container\">\n\t\t\t\t\t\t\t\t\t\t\t\t\t\t\t\t<a href=\"https:\/\/wa.me\/5511942209399?text=Ol%C3%A1,%20gostaria%20de%20mais%20informa%C3%A7%C3%B5es%20do%20produto.\">\n\t\t\t\t\t\t\t<img decoding=\"async\" width=\"300\" height=\"106\" src=\"https:\/\/camisetaemoldurada.com.br\/loja\/wp-content\/uploads\/2022\/08\/logo-transparente.png.png\" class=\"attachment-full size-full wp-image-2838\" alt=\"\" srcset=\"https:\/\/camisetaemoldurada.com.br\/loja\/wp-content\/uploads\/2022\/08\/logo-transparente.png.png 300w, https:\/\/camisetaemoldurada.com.br\/loja\/wp-content\/uploads\/2022\/08\/logo-transparente.png-150x53.png 150w\" sizes=\"(max-width: 300px) 100vw, 300px\" \/>\t\t\t\t\t\t\t\t<\/a>\n\t\t\t\t\t\t\t\t\t\t\t\t\t\t\t<\/div>\n\t\t\t\t<\/div>\n\t\t\t\t<\/div>\n\t\t\t\t<\/div>\n\t\t\t\t\t<\/div>\n\t\t\t\t<\/div>\n\t\t\t\t<\/div>\n\t\t","protected":false},"excerpt":{"rendered":"<p>Pol\u00edtica de Trocas e Devolu\u00e7\u00f5es TROCAS E DEVOLU\u00c7\u00d5ES Ol\u00e1! Aqui temos algumas dicas se precisar fazer uma troca|devolu\u00e7\u00e3o de um<\/p>\n","protected":false},"author":1,"featured_media":0,"parent":0,"menu_order":0,"comment_status":"closed","ping_status":"closed","template":"","meta":{"footnotes":""},"class_list":["post-11038","page","type-page","status-publish","hentry"],"_links":{"self":[{"href":"https:\/\/camisetaemoldurada.com.br\/loja\/wp-json\/wp\/v2\/pages\/11038","targetHints":{"allow":["GET"]}}],"collection":[{"href":"https:\/\/camisetaemoldurada.com.br\/loja\/wp-json\/wp\/v2\/pages"}],"about":[{"href":"https:\/\/camisetaemoldurada.com.br\/loja\/wp-json\/wp\/v2\/types\/page"}],"author":[{"embeddable":true,"href":"https:\/\/camisetaemoldurada.com.br\/loja\/wp-json\/wp\/v2\/users\/1"}],"replies":[{"embeddable":true,"href":"https:\/\/camisetaemoldurada.com.br\/loja\/wp-json\/wp\/v2\/comments?post=11038"}],"version-history":[{"count":13,"href":"https:\/\/camisetaemoldurada.com.br\/loja\/wp-json\/wp\/v2\/pages\/11038\/revisions"}],"predecessor-version":[{"id":11051,"href":"https:\/\/camisetaemoldurada.com.br\/loja\/wp-json\/wp\/v2\/pages\/11038\/revisions\/11051"}],"wp:attachment":[{"href":"https:\/\/camisetaemoldurada.com.br\/loja\/wp-json\/wp\/v2\/media?parent=11038"}],"curies":[{"name":"wp","href":"https:\/\/api.w.org\/{rel}","templated":true}]}}